What is -3 - -1 - (1 - 6)?
3
Evaluate -10 - (4 - 4) - -5.
-5
What is 1 - (2 - (0 - -1))?
0
What is the value of 2 - (3 - 0) - (-80 - -75)?
4
Evaluate -2 + -4 - (-3 + 7).
-10
What is (-9 - 0) + 4 - (-1 - 2)?
-2
What is the value of -9 - (0 + 0 + -6)?
-3
What is the value of 5 + 0 + -47 + 44?
2
What is (-3 - (4 + -5)) + 1?
-1
What is 0 - (-1 + -2) - -2?
5
Calculate (4 - 3 - 1) + 1.
1
Evaluate -2 + (3 - 1) + 9 + -3.
6
What is 3 + (-1 + -1 - -4)?
5
What is the value of (10 + -3 - -1) + -14?
-6
Calculate 0 + (0 - 3 - (1 - 1)).
-3
Calculate (-2 - -2) + (-6 + 10 - 5).
-1
Calculate -3 + 4 + -5 + 6.
2
What is (-5 - 1) + (-1 + 13 - 6)?
0
Calculate -3 - ((-13 - (-6 + 8)) + 3).
9
Calculate -4 - (3 - (-3 + 6)).
-4
Evaluate 4 + -8 - (-9 - -1).
4
Calculate 3 - (16 + -8) - (-12 + 4).
3
Calculate (1 + -9 - (2 + -4)) + 3.
-3
Evaluate (10 - -2) + -1 + -15.
-4
What is -1 - (-1 - 1 - -4)?
-3
Evaluate (0 - -2) + (-3 - -5 - 4).
0
What is 9 + -6 + -1 + 2 + -7?
-3
Evaluate -6 - (7 + (-10 - 7)).
4
What is the value of 12 - (9 + -5 + -2)?
10
What is 7 - 7 - 1 - (-2 + 1)?
0
Evaluate 10 - 3 - ((-1 - -2) + 1).
5
What is 4 + (-3 - -7) + -2?
6
Evaluate -2 + -2 - -2 - -4 - 0.
2
What is -1 + 4 + (1 - 5) + 4?
3
What is the value of 3 + (-5 - 2 - (-3 + 2))?
-3
What is 3 - (1 - (-1 - 0 - -1))?
2
Calculate 7 + -11 - (-2 + (-1 - -1)).
-2
(3 + 0 - 1) + -2
0
(2 - (7 - 2)) + (-19 - -23)
1
What is the value of (-13 + 7 - -8) + -8?
-6
Calculate 5 + -8 - -6 - 2.
1
-1 + 0 + (21 - 25)
-5
(0 - (-8 - -5)) + -3
0
What is the value of (13 - (24 - 6)) + 13?
8
What is the value of 0 - (-15 - -6 - -7)?
2
Evaluate 5 + 0 - (27 - 20).
-2
Calculate 3 + -3 - (4 - (-10 + 9)).
-5
Calculate -1 - (-3 - -3 - -4).
-5
Calculate 3 + (-7 - -3 - 0) + 0.
-1
Calculate 1 + (3 - 12) - (-7 - -4).
-5
Calculate (-16 - -13 - (1 + 2)) + 6.
0
What is (0 - 1) + (-51 - -45) + 10?
3
Evaluate 9 - (2 - -6) - -3.
4
Evaluate 1 - 5 - (-2 + -3) - -3.
4
What is the value of -1 - 0 - 1 - (69 - 68)?
-3
Calculate 3 + -1 + -1 + 4 + 0.
5
What is 1 + (-2 - (-5 - (5 + -7)))?
2
Evaluate (7 - (-7 + 8)) + -1.
5
-4 - ((-1 - -2) + -2)
-3
What is -3 - (-4 - -1 - 0) - -5?
5
What is 3 - (5 + -4 + 1 + 1)?
0
Evaluate -4 - (-11 - (2 + -9)).
0
Evaluate (5 - 1 - -1) + (-25 - -15).
-5
Evaluate 1 + 1 + -1 + -4.
-3
Evaluate (1 - 2) + -5 + 7 - -1.
2
-16 - (-5 + 2) - -4
-9
What is (-9 + 6 - -2) + 1 + -1?
-1
-3 + 0 - (-7 - 2 - -7)
-1
Calculate (7 - -4) + -7 + 1.
5
What is the value of -3 - (-3 - ((3 - 2) + 2))?
3
What is the value of (0 - (-2 - 1)) + 1?
4
What is 8 - (-5 + 9 - 1)?
5
0 + (-13 - (-14 - -5))
-4
Calculate 26 + -31 + 2 + -1.
-4
1 + 0 + 1 - 0
2
Evaluate -9 + 12 + 0 + -2 + 2.
3
Evaluate -3 + 0 - -4 - -5.
6
What is the value of -2 + -1 + 1 + 0?
-2
What is 5 + 4 + (-12 - -1)?
-2
Calculate 0 + -2 - (-33 + 35).
-4
What is the value of (1 + -6 - -5 - -5) + -10?
-5
What is the value of 4 + 7 - 5 - 9?
-3
-4 + (3 - (4 + -6))
1
What is the value of 3 - (3 + 2 + 0 + 1)?
-3
What is the value of -10 - (1 - (0 + 9))?
-2
-2 + (0 - -1 - -6)
5
What is the value of -1 + -1 - (9 + -12)?
1
Calculate -216 + 206 + (-1 - -1).
-10
What is the value of -5 + 5 + 7 - 5?
2
What is the value of 6 + 4 - 10 - (1 + -7)?
6
-6 - (15 - 7 - 16 - -3)
-1
What is (8 - 7) + 9 + -16 - -12?
6
Evaluate 6 - (25 - 5 - (12 + -6)).
-8
2 + (-8 - -3) + 4 + 1
2
(-12 - -1) + 17 + (-14 - 2)
-10
1 - 15 - -28 - (3 + 2)
9
What is 1 - (-4 - (-5 + 1)) - -1?
2
Calculate (-93 - -95) + 2 + (-1 - -4).
7
Calculate (-8 - -10) + -1 + -1 + 6.
6
Calculate 7 + 8 + -9 + 0 + -3.
3
What is -3 + 0 + -1 + 5 + -7?
-6
Calculate 6 - -4 - (3 + 3).
4
0 + 8 + -3 + -4 + 6
7
What is 7 - (6 + -10 + 3)?
8
Calculate 0 + -1 - (-5 + -2) - 2.
4
-1 - 5 - (3 - 1 - 4)
-4
-4 + 5 + (-2 - 0)
-1
What is the value of -1 - 12 - -6 - -10?
3
-2 - 1 - (6 + -10 + -4)
5
0 + (-1 - 0) - (-31 + 31)
-1
3 - (-1 + 3 + -6 - -7)
0
Evaluate 0 - -4 - (5 - (-3 + 5)).
1
Calculate -3 + (8 - 6 - 7).
-8
Evaluate 4 + 1 + (2 - (7 + -3)).
3
Calculate 7 - (-4 - -11) - -4.
4
Evaluate -3 + 1 + (11 - 3).
6
What is the value of 3 - (6 - 16 - -9)?
4
Evaluate 0 + 6 + (0 - 9).
-3
Calculate 2 + -4 - (4 - 2).
-4
What is 5 + (3 - 0 - (3 - -1))?
4
(2 - -7) + -14 - -11
6
(2 - -5) + -3 + 0 - 3
1
What is the value of 4 - (7 + -6 + -1 + 1)?
3
What is the value of 4 + (-13 - -3) + 2?
-4
What is the value of (0 - -14) + (131 - 140)?
5
Calculate 2 - (7 - (0 - (-4 - -4))).
-5
Calculate (-3 + 2 - 1) + (2 - 0).
0
Calculate -2 + 6 + (3 - (1 + 1)).
5
What is 5 + -1 - (-2 - (-3 - 1))?
2
Calculate (1 - 5) + -6 + 6.
-4
What is -1 - -3 - (8 + (-5 - -1))?
-2
(15 - 8) + -3 + -5
-1
What is 10 - 7 - (2 + (0 - -1))?
0
What is the value of -1 + 2 - (49 - 47)?
-1
Calculate -4 + 6 + 3 + -1 + 0.
4
What is the value of -1 + 4 + (-15 - -17)?
5
What is the value of (16 - 21) + (2 - -5)?
2
Calculate (12 - 21) + 7 + -5.
-7
Evaluate (-10 + 14 - 11) + (5 - -3).
1
Calculate 4 - (-2 + 2 - (1 - 2)).
3
What is the value of -4 - (1 - (0 + (4 - 1)))?
-2
What is 5 - (6 + -1 - 2)?
2
What is -3 - (-9 - -10) - 1?
-5
Calculate -57 + 50 - (-6 + 0).
-1
(1 - (5 - -1)) + 1 + -6
-10
What is the value of -4 + 5 + (3 - 1)?
3
What is the value of -2 + 2 - 4 - 0?
-4
Evaluate -4 - (2 - (4 - 2)).
-4
Evaluate 1 + 6 + -3 + 1.
5
Evaluate (-1 - 10) + 18 - (2 + 7).
-2
What is 1 + -5 + 13 + -6?
3
(40 - 38) + (1 - (0 + -3))
6
Calculate 6 - 9 - 1 - (0 + 0).
-4
What is 2 + 0 + -2 + 3 + 1?
4
Calculate (-8 - 4 - -9) + -6.
-9
(-4 - 0) + 19 + -16
-1
What is 2 - (2 + -7 - -10)?
-3
What is 5 - (5 + -5 - (-2 + 3))?
6
Calculate -92 - -87 - (-14 - -1).
8
What is the value of (4 - 11) + 0 - -2?
-5
What is the value of 0 - (2 + 5 - 3)?
-4
-1 + 2 - (-16 - -17) - 4
-4
Evaluate 3 + -3 + -4 + 4 + -4.
-4
Evaluate (2 - 5) + 17 + -15.
-1
Calculate 13 + -8 - (-1 + 4).
2
What is the value of 1 + 1 + 3 + -6?
-1
Evaluate 4 + ((5 - 0) + -12 - 0).
-3
Evaluate 18 - 18 - (-3 - (2 + -1)).
4
Evaluate 0 + -6 + 6 + -7 - -13.
6
Calculate 1 + 0 + 12 + (-15 - 0).
-2
What is the value of -8 + 8 - (-5 - -4)?
1
What is 2 - (-2 - -7 - (2 - 0))?
-1
-1 + (4 - 5) + -2 - -5
1
Calculate -3 + (-3 - (4 - 5)).
-5
What is the value of 1 - 3 - (-6 + -2 - -3)?
3
Calculate -2 + (-2 + 0 - -3) + -1.
-2
-4 + (6 - 8 - -9)
3
Evaluate 0 + 2 - (-22 + 18).
6
Calculate (-2 - -2) + -3 - -1.
-2
(-2 - 2) + -3 + 6 - -4
3
What is the value of 1 + -8 - (2 + -4)?
-5
What is the value of 1 + 5 - (6 + -4)?
4
What is the value of -3 + (6 - 4) + -2?
-3
Evaluate (-10 - (9 - 20)) + -1 + -1.
-1
What is the value of -2 + 2 + 5 - (5 - -4)?
-4
(35 - 41) + 0 + (4 - 0)
-2
Calculate -1 + (4 + -9 - -5).
-1
Calculate 0 - 6 - (-14 - -11).
-3
What is (4 - 3 - -1) + 4 - -1?
7
Calculate (-7 - 0) + 6 + -3 + 12.
8
What is the value of 3 + -8 + 2 + (2 - -1)?
0
Calculate 40 + -34 - (3 - 0).
3
What is 2 + 1 + -2 - (-5 + 3)?
3
Calculate 8 + 0 + 0 + -9 + -5.
-6
What is (-13 - 0) + (-2 - -8)?
-7
-4 - (-2 + (1 - (-1 - 0)))
-4
Calculate -1 + 3 + -1 - (-1 + 0).
2
What is the value of -2 - (-1 - (0 - 4))?
-5
Calculate 0 + 5 + -10 - -8.
3
What is the value of -10 + 7 + 2 + -4?
-5
Calculate (-2 - -3) + -1 + 5.
5
What is 12 + (-16 + 9 - -3)?
8
What is -2 - -15 - (11 + 1)?
1
What is the value of 6 + (-10 - (0 - -1)) + 3?
-2
Calculate -4 + 3 - (7 + -17).
9
What is the value of (6 + -6 - 7 - -9) + -5?
-3
2 + (-3 - (0 + -4 + -3))
6
(6 - 3 - (9 + -5)) + 1
0
Evaluate -2 + (-1 - -5) - (3 + 3).
-4
Calculate 1 - (13 - 8 - (5 - 1)).
0
What is -13 - 1 - (2 + -8) - -2?
-6
What is (-31 - -26) + (-1 - -6)?
0
What is -3 + (-2 - -6) + (-1 - 3)?
-3
2 - (3 + -1 + 0)
0
What is the value of 2 - (4 - 7) - (4 + 2)?
-1
Calculate 0 + -3 + 0 + 0.
-3
Evaluate 0 + 7 - (-76 + 83).
0
-5 - (1 + (-4 - -3))
-5
0 + (3 - 4 - 3)
-4
0 + -18 + (-4 - -14)
-8
Evaluate -3 - (0 + 2) - (-6 - 0).
1
Evaluate -5 + (-1 - -3) + (-4 - -5).
-2
What is -9 - (7 + 6 + -12)?
-10
What is the value of -1 + -4 - (12 + -17) - -5?
5
Calculate (8 - 4 - 2 - -5) + -2.
5
What is the value of -2 + 4 + (2 - 6) + 3?
1
8 - (-2 + 14 + -12)
8
Evaluate 0 + -4 - (-20 + 16).
0
Evaluate 3 - (7 + -9 + 5).
0
What is -11 + 6 - (-2 + 3 + -7)?
1
What is the value of (12 - 16) + (4 - -3)?
3
Evaluate (5 - 9) + 4 + -12 + 19.
7
6 + -5 + (0 - -1 - 0)
2
5 - 1 - 0 - 8
-4
What is (3 - (2 - 3)) + (5 - 4)?
5
Evaluate (3 - 2 - 0) + 2.
3
Evaluate 3 - 4 - (5 - 7).
1
What is the value of -1 - -2 - (8 - 2)?
-5
Evalua